e remainder when 285343 is divided by 71.
65
What is the remainder when 5788 is divided by 2889?
10
Calculate the remainder when 2742 is divided by 339.
30
What is the remainder when 8895 is divided by 1774?
25
Calculate the remainder when 916319 is divided by 553.
551
What is the remainder when 1470 is divided by 463?
81
What is the remainder when 247502 is divided by 8839?
10
Calculate the remainder when 237045 is divided by 21.
18
What is the remainder when 10826 is divided by 1844?
1606
What is the remainder when 412226 is divided by 24248?
10
What is the remainder when 413290 is divided by 206641?
8
What is the remainder when 7052 is divided by 534?
110
What is the remainder when 3295 is divided by 599?
300
Calculate the remainder when 724 is divided by 273.
178
Calculate the remainder when 11635 is divided by 1748.
1147
What is the remainder when 4915 is divided by 132?
31
What is the remainder when 14124 is divided by 1411?
14
Calculate the remainder when 584 is divided by 36.
8
What is the remainder when 17649 is divided by 465?
444
Calculate the remainder when 5868 is divided by 63.
9
Calculate the remainder when 106106 is divided by 480.
26
Calculate the remainder when 128597 is divided by 15.
2
Calculate the remainder when 245689 is divided by 40947.
7
What is the remainder when 491149 is divided by 57?
37
Calculate the remainder when 33878 is divided by 242.
240
Calculate the remainder when 22914 is divided by 4.
2
What is the remainder when 51073 is divided by 107?
34
What is the remainder when 55005 is divided by 9?
6
What is the remainder when 2398 is divided by 795?
13
What is the remainder when 68082 is divided by 34031?
20
Calculate the remainder when 42935 is divided by 23.
17
What is the remainder when 11990 is divided by 31?
24
Calculate the remainder when 104006 is divided by 17334.
2
Calculate the remainder when 54533 is divided by 466.
11
What is the remainder when 62878 is divided by 15718?
6
Calculate the remainder when 25732 is divided by 8547.
91
What is the remainder when 2208 is divided by 249?
216
What is the remainder when 1210 is divided by 286?
66
What is the remainder when 3343 is divided by 329?
53
What is the remainder when 78271 is divided by 13?
11
What is the remainder when 7723095 is divided by 2034?
2031
Calculate the remainder when 69101 is divided by 1047.
1046
What is the remainder when 3228 is divided by 35?
8
What is the remainder when 11788 is divided by 3?
1
What is the remainder when 15222 is divided by 7?
4
Calculate the remainder when 171354 is divided by 112.
106
Calculate the remainder when 15407 is divided by 99.
62
What is the remainder when 125316 is divided by 16?
4
What is the remainder when 6325 is divided by 99?
88
What is the remainder when 157457 is divided by 78723?
11
Calculate the remainder when 776745 is divided by 28.
25
What is the remainder when 452357 is divided by 215?
212
Calculate the remainder when 4862 is divided by 434.
88
What is the remainder when 110719 is divided by 10?
9
Calculate the remainder when 61860 is divided by 418.
414
Calculate the remainder when 15771 is divided by 136.
131
What is the remainder when 42804 is divided by 21394?
16
What is the remainder when 57406 is divided by 132?
118
What is the remainder when 3324 is divided by 23?
12
Calculate the remainder when 83744 is divided by 172.
152
What is the remainder when 2138 is divided by 2033?
105
What is the remainder when 1871 is divided by 461?
27
What is the remainder when 62931 is divided by 488?
467
What is the remainder when 253395 is divided by 200?
195
Calculate the remainder when 166089 is divided by 32.
9
Calculate the remainder when 7063 is divided by 1529.
947
Calculate the remainder when 6208 is divided by 1219.
113
Calculate the remainder when 12319 is divided by 6153.
13
What is the remainder when 214754 is divided by 235?
199
What is the remainder when 131936 is divided by 32980?
16
What is the remainder when 136094 is divided by 53?
43
What is the remainder when 281798 is divided by 297?
242
Calculate the remainder when 127862 is divided by 49.
21
Calculate the remainder when 53697 is divided by 459.
453
What is the remainder when 16471 is divided by 3124?
851
Calculate the remainder when 40607 is divided by 556.
19
Calculate the remainder when 32565 is divided by 10.
5
Calculate the remainder when 4537 is divided by 59.
53
What is the remainder when 1676 is divided by 418?
4
Calculate the remainder when 7584 is divided by 843.
840
What is the remainder when 873 is divided by 252?
117
Calculate the remainder when 210557 is divided by 118.
45
Calculate the remainder when 155229 is divided by 168.
165
Calculate the remainder when 56902 is divided by 382.
366
What is the remainder when 119362 is divided by 13262?
4
What is the remainder when 1650963 is divided by 61?
59
Calculate the remainder when 18958 is divided by 9472.
14
Calculate the remainder when 28162 is divided by 6759.
1126
What is the remainder when 1718 is divided by 138?
62
Calculate the remainder when 463 is divided by 193.
77
What is the remainder when 1610 is divided by 22?
4
What is the remainder when 18357 is divided by 1665?
42
Calculate the remainder when 40686 is divided by 29.
28
What is the remainder when 2245 is divided by 558?
13
What is the remainder when 9744 is divided by 1713?
1179
Calculate the remainder when 7359 is divided by 432.
15
Calculate the remainder when 482 is divided by 131.
89
What is the remainder when 5614 is divided by 36?
34
Calculate the remainder when 1971 is divided by 246.
3
What is the remainder when 11751 is divided by 250?
1
Calculate the remainder when 39094 is divided by 9.
7
Calculate the remainder when 5305 is divided by 5287.
18
Calculate the remainder when 12237 is divided by 12111.
126
Calculate the remainder when 207593 is divided by 173.
166
Calculate the remainder when 48006 is divided by 1722.
1512
Calculate the remainder when 34448 is divided by 2647.
37
Calculate the remainder when 8058 is divided by 8043.
15
What is the remainder when 31313 is divided by 92?
33
Calculate the remainder when 346255 is divided by 1385.
5
Calculate the remainder when 99059 is divided by 279.
14
Calculate the remainder when 270219 is divided by 781.
774
Calculate the remainder when 48308 is divided by 132.
128
What is the remainder when 9098 is divided by 901?
88
What is the remainder when 198412 is divided by 129?
10
Calculate the remainder when 226885 is divided by 316.
313
Calculate the remainder when 722090 is divided by 240684.
38
What is the remainder when 2936 is divided by 51?
29
Calculate the remainder when 11172 is divided by 27.
21
Calculate the remainder when 250416 is divided by 111.
0
Calculate the remainder when 53122 is divided by 1235.
17
Calculate the remainder when 1877 is divided by 47.
44
Calculate the remainder when 96806 is divided by 74.
14
Calculate the remainder when 4295 is divided by 1037.
147
Calculate the remainder when 24315 is divided by 100.
15
Calculate the remainder when 64742 is divided by 19.
9
What is the remainder when 1389 is divided by 452?
33
What is the remainder when 1523 is divided by 1499?
24
What is the remainder when 4120 is divided by 1342?
94
What is the remainder when 2473 is divided by 847?
779
Calculate the remainder when 40233 is divided by 134.
33
Calculate the remainder when 67429 is divided by 33712.
5
Calculate the remainder when 106668 is divided by 65.
3
What is the remainder when 24828 is divided by 143?
89
What is the remainder when 11695 is divided by 2030?
1545
What is the remainder when 13029 is divided by 2536?
349
Calculate the remainder when 61439 is divided by 3231.
50
What is the remainder when 1918 is divided by 448?
126
Calculate the remainder when 12011 is divided by 2998.
19
What is the remainder when 5593 is divided by 86?
3
Calculate the remainder when 2658 is divided by 205.
198
What is the remainder when 977 is divided by 47?
37
What is the remainder when 8205 is divided by 913?
901
Calculate the remainder when 23029 is divided by 168.
13
What is the remainder when 808 is divided by 780?
28
Calculate the remainder when 604 is divided by 271.
62
What is the remainder when 11068 is divided by 218?
168
Calculat